 What is j(17)?
-24
Let f(s) = 4172*s - 1718850. Calculate f(412).
14
Let l(n) = -3*n**2 - 38*n + 224. What is l(-18)?
-64
Let y(t) = -t**3 - 1227*t**2 - 9682*t + 85341. Calculate y(-1219).
11
Let q(c) = 500*c + 2842. Determine q(-3).
1342
Let c(z) = -z**3 - 195*z**2 - 940*z + 68. Calculate c(-5).
18
Let j(d) = -38074*d + 10. Calculate j(0).
10
Let l(z) = -2*z**2 + 393*z + 1023985. Give l(-624).
1
Let h(q) = -q**3 - 138*q**2 - 1228*q + 35803. Calculate h(-126).
19
Let i(r) = -r**3 + 54*r**2 - 634*r - 495. Give i(36).
9
Let t(l) = -l**3 - 56*l**2 + 33*l + 4470. What is t(-55)?
-370
Let s(o) = -35*o**3 - 281*o**2 - 22*o + 23. Calculate s(-8).
135
Let s(a) = 171*a + 4009. Give s(-24).
-95
Let g(u) = 17467*u + 5. What is g(0)?
5
Let r(q) = -q**3 - 7*q**2 - 169*q - 1671. What is r(-9)?
12
Let k(d) = d**3 - 69*d**2 + 193*d + 101. Give k(66).
-229
Let s(j) = 59097*j - 413629. Give s(7).
50
Let m(q) = -20033*q + 1021678. Give m(51).
-5
Let p(q) = 2*q**2 - 41*q - 4567. Calculate p(59).
-24
Let m(i) = 3*i**3 + 2038*i**2 + 10181*i + 335. What is m(-5)?
5
Let x(k) = 5934*k + 17702. Calculate x(-3).
-100
Let u(a) = a**3 - 923*a**2 + 6397*a + 96. What is u(7)?
-9
Let b(t) = 12124*t**2 + 97009*t + 141. Give b(-8).
5
Let y(h) = 1100*h - 11041. What is y(10)?
-41
Let p(n) = -n**3 + 152*n**2 + 293*n + 69. Determine p(154).
-2241
Let a(z) = 3*z**2 - 2447*z + 492018. Determine a(456).
-6
Let g(b) = 2*b**3 - 14*b**2 - 4077*b + 32473. Calculate g(8).
-15
Let l(x) = 220*x + 21789. Determine l(-104).
-1091
Let w(q) = 6265*q - 413493. Determine w(66).
-3
Let w(o) = -3*o**2 + 1180*o + 42203. Calculate w(-33).
-4
Let a(t) = -52*t - 2961. What is a(-46)?
-569
Let n(r) = -r**3 + 37*r**2 - 84*r + 2158. Give n(36).
430
Let l(d) = 2346*d + 44580. Give l(-19).
6
Let s(y) = y**2 + 144*y - 4511. Calculate s(27).
106
Let r(z) = -85429*z - 512655. Give r(-6).
-81
Let d(k) = -224*k + 8721. What is d(54)?
-3375
Let h(y) = y**2 - 152*y - 6834. Give h(-37).
159
Let a(c) = -183*c + 12039. Calculate a(66).
-39
Let t(y) = 10266*y - 390077. Determine t(38).
31
Let k(t) = -2605*t + 10481. Determine k(4).
61
Let n(k) = 207058*k - 207060. Determine n(1).
-2
Let v(n) = -16*n**2 + 112*n + 270. What is v(11)?
-434
Let v(m) = -344*m - 22959. Calculate v(-66).
-255
Let d(s) = -s**3 - 36*s**2 - 1626*s - 14871. Give d(-11).
-10
Let d(k) = -185*k**2 - 10141*k - 27086. What is d(-52)?
6
Let v(b) = -12*b**3 + 954*b**2 + 458*b + 1765. Calculate v(80).
5
Let a(v) = v**3 + 365*v**2 - 25499*v - 88. What is a(60)?
-28
Let w(o) = -29*o**2 + 70*o - 285. What is w(4)?
-469
Let p(i) = i**2 - 125*i - 33143. Calculate p(-130).
7
Let o(u) = 27774*u + 4110564. Determine o(-148).
12
Let v(k) = -53221*k + 585420. Give v(11).
-11
Let z(p) = 47175*p - 94337. Give z(2).
13
Let o(b) = -b**2 + 6735*b + 332431. Give o(-49).
15
Let t(r) = 2*r**3 + 84*r**2 + 51*r - 1176. Calculate t(-41).
95
Let g(f) = -3259*f + 3200. What is g(1)?
-59
Let v(g) = 102*g**2 + 19*g + 27. What is v(-2)?
397
Let r(o) = 22085*o + 44973. What is r(-2)?
803
Let d(l) = -14*l**3 + 1455*l**2 + 114*l + 1130. Determine d(104).
2170
Let a(s) = 55*s**2 + 2346*s - 684. What is a(-43)?
133
Let d(z) = -z**3 - 263*z**2 - 3236*z + 3465. What is d(-250)?
-35
Let q(r) = 99*r + 6514. What is q(-66)?
-20
Let z(l) = 91*l - 5695. Calculate z(67).
402
Let j(p) = p**2 - 7062*p + 1345724. What is j(196)?
-12
Let i(w) = -12*w**2 - 7069*w - 363934. Give i(-57).
11
Let w(m) = -4*m**3 - 103*m**2 - 660*m + 3. Determine w(-18).
1839
Let r(l) = -l**3 - 31*l**2 - 193*l + 708. Determine r(-15).
3
Let s(a) = 424*a**2 + 6910*a + 2035. What is s(-16)?
19
Let x(y) = -2809*y + 8413. What is x(3)?
-14
Let s(d) = d**3 - 212*d**2 + 8436*d - 154. Calculate s(159).
1277
Let r(n) = -161*n**2 - 1241*n + 10. Calculate r(-8).
-366
Let k(f) = -f**3 + 77*f**2 + 70582*f - 6434. Give k(-230).
6
Let k(u) = -325*u + 16379. Determine k(47).
1104
Let q(j) = 309325*j + 309381. Determine q(-1).
56
Let t(g) = 10755*g + 21489. Give t(-2).
-21
Let j(p) = -5*p**2 - 1210*p - 14906. Determine j(-13).
-21
Let y(v) = -2540*v - 74324. Give y(-29).
-664
Let w(t) = -7660*t + 597489. Determine w(78).
9
Let o(c) = -646*c**2 - 377*c + 373. Determine o(1).
-650
Let x(o) = -2*o**3 - 1233*o**2 - 3309*o - 1658868. Give x(-616).
20
Let s(k) = k**3 + 41*k**2 + 18*k - 415. Determine s(-40).
465
Let s(u) = -3*u**2 - 768*u - 17359. Calculate s(-25).
-34
Let l(i) = -16*i**3 + 16*i**2 - 45*i + 202. Determine l(4).
-746
Let v(c) = 49*c**2 + 3064*c + 26834. Calculate v(-52).
2
Let a(m) = -2*m**2 - 19230*m + 5908142. Give a(298).
-6
Let j(g) = -g**3 - 44*g**2 - 5*g + 635. Give j(0).
635
Let g(v) = 72*v - 1715. Calculate g(-9).
-2363
Let y(j) = 1650*j + 823327. Determine y(-499).
-23
Let v(a) = 58555*a - 292798. Determine v(5).
-23
Let f(w) = -w**2 - 23*w + 35337. Calculate f(177).
-63
Let s(u) = -2*u**3 + 200*u**2 - 390*u + 723. Give s(98).
919
Let z(h) = -h**2 - 785*h - 64175. Give z(-93).
181
Let s(k) = -2*k**2 + 2875*k - 177091. Determine s(1373).
26
Let y(t) = 3054*t - 122208. Calculate y(40).
-48
Let s(j) = -j**3 - 157*j**2 + 16*j + 2411. What is s(-157)?
-101
Let y(o) = 705342*o - 5642739. What is y(8)?
-3
Let v(u) = -8623*u + 35044. Give v(4).
552
Let g(j) = -50*j**3 - 6*j**2 + 33*j + 1. Calculate g(-1).
12
Let h(c) = 108*c**2 + 3872*c - 7752. Give h(2).
424
Let k(a) = 25*a**3 - 152*a**2 - 17*a + 105. What is k(6)?
-69
Let o(v) = 13*v**2 + 155*v - 109. What is o(-10)?
-359
Let c(a) = -3885*a + 1721098. Calculate c(443).
43
Let g(l) = 515*l + 125402. Give g(-245).
-773
Let o(v) = -v**3 + 59*v**2 + 634*v - 6986. Calculate o(7).
0
Let r(f) = -f**2 - 1264*f + 326220. Determine r(220).
-260
Let l(f) = f**3 - 5*f**2 - 3078*f + 148. Give l(0).
148
Let q(d) = 670793*d - 1341580. Calculate q(2).
6
Let k(x) = -x**3 + 64*x**2 - 938*x - 379. Determine k(41).
-174
Let b(n) = 62*n + 43425. What is b(-701)?
-37
Let v(c) = 2322579*c - 9290321. Calculate v(4).
-5
Let o(g) = -g**3 - 43*g**2 - 652*g + 11818. Give o(10).
-2
Let o(m) = 156*m + 1525. Give o(-10).
-35
Let f(u) = u**3 + 61*u**2 + 150*u - 7280. Calculate f(-56).
0
Let g(d) = d**2 + 32*d - 2435. Determine g(-68).
13
Let g(m) = 2131*m - 29022. Give g(13).
-1319
Let i(l) = l**2 + 684*l - 290093. Calculate i(296).
-13
Let c(s) = -2*s**2 + 114*s - 996. Determine c(48).
-132
Let p(h) = -48*h**3 - 12863*h**2 + 273*h + 1225. Calculate p(-268).
-115
Let a(n) = n**3 - 49*n**2 + 852*n - 46065. Calculate a(50).
-965
Let x(g) = -790*g**2 - 293885*g - 1846. Calculate x(-372).
14
Let d(g) = -21778*g + 1154180. What is d(53)?
-54
Let c(q) = 35909*q - 107608. Calculate c(3).
119
Let b(s) = -32*s**2 - 39*s + 483. Determine b(7).
-1358
Let b(o) = o**3 + 326*o**2 - 68312*o + 2455. Give b(145).
-10
Let r(f) = -f**3 + 12*f**2 + 171*f + 254. Give r(-5).
-176
Let b(v) = 3*v**3 + 64*v**2 + 323*v - 24. Determine b(-11).
174
Let k(m) = -69790*m + 2861398. Calculate k(41).
8
Let n(k) = -675*k - 61729. Give n(-87).
-3004
Let w(d) = 213720*d - 1923483. Calculate w(9).
-3
Let m(f) = 20699*f - 517472. Calculate m(25).
3
Let x(g) = 43*g**2 + 1238*g + 2074. Calculate x(-27).
-5
Let v(w) = w**3 + 173*w**2 + 43*w + 68878. What is v(-175)?
103
Let u(v) = -6*v**2 - 115*v - 1491. Determine u(-16).
-1187
Let p(y) = 4447*y + 17782. Calculate p(-4).
-6
Let r(a) = -499*a + 44417. Determine r(85).
2002
Let q(u) = -76705*u - 306738. What is q(-4)?
82
Let k(v) = 28*v**2 + 585*v - 91. Give k(-21).
-28
Let f(m) = 32*m**3 - 262*m**2 - 8*m - 26. Give f(8).
-474
Let y(f) = -13*f**3 - 128*f**2 - 283*f + 87. Give y(-5).
-73
Let f(b) = -b**2 - 2969*b + 998569. What is f(305)?
-1
Let l(n) = -n**3 + 24*n**2 + 472*n + 93. What is l(-12)?
-387
Let i(r) = 9*r**3 + 279*r**2 + 41*r + 1313. Give i(-31).
42
Let t(d) = 32490*d + 584877. Determine t(-18).
57
Let b(v) = v**2 + 70*v - 4412. Give b(-110).
-12
Let s(w) = -2*w**2 - 470*w + 13033. Calculate s(25).
33
Let p(f) = 2*f**3 + 264*f**2 + 503*f + 272. What is p(-130)?
2482
Let u(i) = i**2 - 9381*i + 56182. Determine u(6).
-68
Let u(o) = 2*o**3 - 28*o**2 + 195*o - 10250. What is u(21)?
19
Let h(g) = 160*g**2 + 660*g + 86. Give h(-4).
6
Let b(q) = -208*q**2 - 45342*q + 313. Calculate b(-218).
-123
Let w(h) = -1554*h - 1014. Give w(2).
-4122
Let a(h) = -4*h**2 - 309*h - 1302. What is a(-